divided by c(j)?
46
Let i(h) = 84*h**2. Let p(y) = -44*y + 79. Let s be p(-4). Suppose s = 3*b + 12*b. What is the remainder when i(1) is divided by b?
16
Let i(x) = 15*x**3 - 28*x + 29. Let n be (-8)/96*15 + (-18)/(-8). Let q(u) = -u**3 - 6*u**2 + 5. What is the remainder when i(n) is divided by q(-6)?
1
Let s be 3 + 0 - 3*(-18 - 1). Suppose 15*b - 11*b = s. Suppose 4*z = 267 - b. What is the remainder when z is divided by 16?
15
Let d = 14 + 22. Suppose -4*l + 44 = d. Suppose l*w - 70 = -3*i, -22 = 2*w - 3*w + 5*i. Calculate the remainder when w is divided by 6.
2
Suppose 34 = 3*o + 7. Let c(h) = 4*h**3 + h**2 - 2*h + 1. Let f be c(1). Let r(q) = -q**3 + 5*q**2 - q + 2. What is the remainder when r(f) is divided by o?
5
Suppose -m + 7 - 1 = 0, -t - 5*m + 2777 = 0. What is the remainder when t is divided by 25?
22
Let o(p) = -179*p - 286. Calculate the remainder when o(-2) is divided by 68.
4
Let r = 8412 - 8258. Calculate the remainder when r is divided by 52.
50
Suppose 0 = 2*w - 4*l - 16, -4*w - 2*l = -0*l - 42. Let m be 22*(5/w - -1). Let o = 28 + m. Calculate the remainder when o is divided by 9.
7
Let r = -4094 - -4098. What is the remainder when 3497 is divided by r?
1
Suppose -150366 = 45*d - 83*d. Calculate the remainder when d is divided by 40.
37
Let s = 434 + -368. What is the remainder when 192 is divided by ((-66)/(-11))/(2*3/s)?
60
Suppose 6 = -6*i + 18. Calculate the remainder when i/((-3)/9 - 303/(-891)) is divided by 13.
11
Let d be (24/5)/(2/(-15)). Let q = d + 45. Suppose 2*j + 5*v - 30 = 0, 5*j - 3*j - 2*v - 58 = 0. What is the remainder when j is divided by q?
7
Let u(t) = 175 + 2*t**2 - 3*t**2 + 3*t**2 - 4*t**3 + 5*t**3. Suppose l + 4 = 2*g, l - 6 = 6*l - 3*g. What is the remainder when u(l) is divided by 45?
40
Suppose -183*r + 185*r - o = 918, 4*r = 4*o + 1828. Calculate the remainder when r is divided by 192.
77
Let l = -7599 + 7771. What is the remainder when l is divided by 32?
12
Suppose 5*f = 15, 0*x - 223 = -5*x + 4*f. What is the remainder when x is divided by 92960/17264 - 20/52?
2
Suppose -85 = -3*i - 2*i. Suppose -4*o + 8 = -5*v, -2*v + 36 - 7 = 3*o. Suppose o*t - 24 - 32 = 0. Calculate the remainder when i is divided by t.
1
Suppose -418*c + 353*c + 4680 = 0. What is the remainder when c is divided by 34?
4
Let q = -3096 + 3117. Suppose -7*h + 86 + 208 = 0. What is the remainder when h is divided by q?
0
Suppose -18*l + 22*l - 106 = -2*y, -2*l + 170 = 4*y. What is the remainder when 624 is divided by y?
0
Let t = 588 - 559. What is the remainder when 228 is divided by t?
25
Let w(x) = -x**3 + 4*x**2 + 2*x + 5. Calculate the remainder when ((-60)/50)/((-4)/230) is divided by w(3).
9
Let s = 4137 - 2354. What is the remainder when 1793 is divided by s?
10
What is the remainder when 758 is divided by (1 + 2)/(4 - -4) - (-19631)/536?
18
Suppose -8*j = -41*j - 14*j + 5264. What is the remainder when 241 is divided by j?
17
Let p(y) = -y**3 + y**2 + 10*y + 64. What is the remainder when 99 is divided by p(0)?
35
Let b(g) = -g**3 + 2*g**2 - 5*g + 3. Let y be b(3). Let w be ((-1)/(-3) + 1)*y/7. Calculate the remainder when 22 is divided by (((-26)/w)/1)/((-6)/(-12)).
9
Suppose h = 57*h + 3345 - 27873. What is the remainder when h is divided by 64?
54
Let l(t) = -t**2 - 3*t + 511. What is the remainder when 193 is divided by l(-24)?
4
Let g(b) = -b**3 - 2*b**2 + 5*b + 48. Calculate the remainder when g(-6) is divided by 11.
8
Let d be (1 - -31)*((-112)/8)/(-14). Let v = 53 - d. Suppose -o = -5*f - 32, 2*f - 181 = -3*o - 0*f. What is the remainder when o is divided by v?
15
Suppose 160 = -8*d + 4*d. Let m(x) = -x**2 - 44*x - 155. What is the remainder when m(d) is divided by 3?
2
Let t(c) = -c**3 + 92*c**2 + 277*c + 793. Let x(g) = -g + 11. What is the remainder when t(95) is divided by x(5)?
3
What is the remainder when 3532 is divided by (-16)/(-3) + (154/(-21) - -8) - 0?
4
Let h = 265 - 119. Suppose 5*v - h - 263 = -3*o, 4*v - 2*o - 336 = 0. Calculate the remainder when v is divided by 25.
8
Suppose 3*x + 32 - 173 = 0. Let w be -1*4*561/12 + 2. Let a = w + 323. What is the remainder when a is divided by x?
44
Suppose 5*r - 300 = -c, -3*r - c + 180 = -2*c. Suppose 7*m - 10*m - 3*f + 51 = 0, -2*m + 3*f = -49. Calculate the remainder when r is divided by m.
0
Suppose 5*m - 2*m = -4*r + 380, -4*r = -8. Let k = 15 + -16. Calculate the remainder when m is divided by k + 16 + (-10)/10.
12
Let o(m) = 3*m**2 + 9*m - 194. Let y be o(9). Suppose 0 = -4*w - 2*i + 548, w - 24*i + 21*i = y. Let d = -31 + 66. What is the remainder when w is divided by d?
31
Let m = -393 + 397. Suppose 20 - 59 = -v + 5*z, 0 = m*z + 16. Let r = -136 + 209. Calculate the remainder when r is divided by v.
16
Suppose -54218*i = -54203*i - 555. Calculate the remainder when 5622 is divided by i.
35
Suppose 3 - 8 = 5*n, 3*w - 3317 = -4*n. Suppose 456 = 2*g - 4*j, -9*g + w = -4*g + j. What is the remainder when g is divided by 15?
12
Let o = 1495 + -1470. Calculate the remainder when 146 is divided by o.
21
What is the remainder when 2463 is divided by -10*((-51)/(-85) + 426/15)/(-2)?
143
Let t(m) = -m**3 - 9*m**2 - 6*m - 130. Calculate the remainder when 177 is divided by t(-10).
27
Suppose 0 = 3*i - o - 184, -21*o = -i - 26*o + 24. What is the remainder when 1192 is divided by i?
12
Let m be ((-11414)/(-39))/((-2)/(-3)). Suppose -z = a - 218 - 209, a - m = -4*z. What is the remainder when a is divided by 53?
52
Suppose -5*m + 2*q = -3282, 4*q = 5*m + 1819 - 5103. Suppose -m = -5*s - 2201. What is the remainder when 25 is divided by (-18)/(-63) + -1 + s/(-21)?
11
Suppose 30 = -k + 3*k. What is the remainder when 75 - 306/18 - (1 - 1) is divided by k?
13
Let r = 10498 + -10466. Calculate the remainder when 2333 is divided by r.
29
Let w = -219 + 203. Calculate the remainder when (14 - (-1496)/64) + 6/w is divided by 13.
11
Suppose q + 4*s = 131, -2*q + 1185*s - 1189*s + 246 = 0. What is the remainder when 946 is divided by q?
26
Let y(o) = 13*o**2 + 11*o - 32. Let v be y(5). Suppose 29*m - 17*m = v. Calculate the remainder when 160 is divided by m.
15
Suppose -139*l + 71*l = -69*l + 671. Calculate the remainder when l is divided by 667.
4
Let k(u) = -u + 24. Suppose 25*r - 7*r = -144. What is the remainder when 134 is divided by k(r)?
6
Suppose 38*z - 52*z + 56 = 0. Calculate the remainder when 162 is divided by 23 + 4 + (1 - z).
18
Let s = 14 + -12. Suppose 4*y = s*y + 12. Suppose -2 - 10 = -y*r. What is the remainder when 4 is divided by r?
0
Let i(p) = p**3 + 11*p**2 - 18*p - 38. Let x be i(-12). Suppose -5*w - 61 + 186 = -4*f, -x = -w - f. What is the remainder when w is divided by 6?
5
Suppose 2*p + w = 26511, -2*p + 4432 = -3*w - 22107. Calculate the remainder when p is divided by 89.
87
Let z = -1047 - -2498. Calculate the remainder when z is divided by 44.
43
Let h = -1348 + 1369. Let q(d) = 2*d**2 + d + 3. Calculate the remainder when q(4) is divided by h.
18
Let o be -1*1 - (18/3*-3 - -14). Let z = 89 + 43. Suppose -68 = -3*u - o*k + 130, 0 = 2*u + 5*k - z. Calculate the remainder when u is divided by 14.
10
Suppose 4*w + 34 = 2*w. Let c = 27 + w. Calculate the remainder when (-38 + (3 - 1))/((-15)/20) is divided by c.
8
Suppose 0 = 6*k - 11*k + 245. Let d = 38 - -153. Calculate the remainder when d is divided by k.
44
Let o(c) = c**3 + 30*c**2 - 113*c - 166. What is the remainder when o(-33) is divided by 94?
14
Suppose 0 = -3*a + 226*r - 228*r + 799, 2*a + r = 534. What is the remainder when a is divided by 95?
79
Let h = -8891 - -8921. What is the remainder when 1877 is divided by h?
17
Suppose v - 101 = -5*i, i + 46 = 3*i - v. Suppose -i = -11*l + 639. What is the remainder when 65 is divided by 2025/l + 1/4?
31
Calculate the remainder when 16*(-27)/(-4)*118/531 is divided by 11.
2
Suppose 4*z - 16 = l, -2*l - l = 5*z - 3. Suppose 0 = -z*d - 0*d - 9. Calculate the remainder when (-3 - -3) + (-1)/(d/324) is divided by 11.
9
Let b = -86 - -82. Let j(a) = 6*a**2 + 25*a + 2. Let d be j(b). Calculate the remainder when 1 + (-2 + -78)/d is divided by 23.
18
Let u be (0 + (2 - -1))/1. Suppose -z + 141 = 4*z + 3*t, -129 = -4*z + u*t. Calculate the remainder when (-1*(-6)/(-4) + 819/(-126))*-11 is divided by z.
28
Let d be (4 - -1) + (7 - 7). S